 the highest common divisor of w and 77?
11
Suppose -47 = -4*i + h, 5*i - 2*h = 33 + 25. Calculate the highest common factor of i and 36.
12
Let s be -60 - (0 + -2)/(-1). Let y be (-18)/(-99) - s/22. What is the highest common factor of 24 and y?
3
Suppose -138 = -3*p + 3*w + 495, -5*p - 4*w = -1028. Calculate the highest common divisor of 26 and p.
26
Let j = 418 + -248. What is the greatest common divisor of j and 17?
17
Let a be 2 + 9/(-3) + 2. Let q = -8 + 16. What is the greatest common factor of q and a?
1
Suppose -h + 5*l = 654, -4*l - 1867 = -0*h + 3*h. Let s = 1106 + h. Suppose 0 = -4*i + 183 + s. What is the highest common factor of 15 and i?
15
Let c(z) = 3*z**2 - 7*z + 4. Let i be c(5). Let j = 72 - 50. Suppose -3*q + 11 = -j. What is the highest common factor of i and q?
11
Suppose 0 = 3*f - 6 - 30. Let b(r) = -r**3 - 2*r**3 + 9*r**2 - 4 + 2*r**3. Let q be b(5). Calculate the highest common factor of f and q.
12
Let q be 50/4*7/((-140)/(-48)). What is the highest common factor of 6 and q?
6
Suppose 8 + 15 = a. What is the greatest common divisor of a and 253?
23
Let u = -5 - -15. Calculate the greatest common divisor of 15 and u.
5
Let x(t) = t**3 - 6*t**2 - 2*t + 1. Let m be x(7). Calculate the greatest common divisor of 90 and m.
18
Let v = 69 + -60. Calculate the greatest common divisor of 27 and v.
9
Let t = -45 - -53. What is the highest common divisor of 88 and t?
8
Let c = 25 - 11. Calculate the greatest common factor of 56 and c.
14
Let a be (-4)/((-2 - -1)*-1). Let i = 18 + a. Let w(m) = -m**3 - m**2 - m + 14. Let f be w(0). Calculate the greatest common divisor of f and i.
14
Suppose -4*k + 0*k = -60. Let a(f) = -f**3 - f**2 + f + 60. Let s = 26 + -26. Let j be a(s). What is the highest common factor of k and j?
15
Let k be (84/(-1))/(-1*(-2)/(-3)). What is the greatest common divisor of 14 and k?
14
Let w be 3/(-12) - (-51)/12. Suppose 3*k + 97 = 5*i, 0 = -w*i - 0*k + 3*k + 80. Calculate the highest common divisor of i and 153.
17
Suppose -6*a - 32 = -8*a. What is the greatest common factor of 144 and a?
16
Let c = 5 + 5. Let k be (c/15)/(1/243). What is the highest common divisor of 18 and k?
18
Let b(r) = r**3 + 4*r**2 - 3*r - 5. Let y be b(-4). Suppose 2*c - 4*c - y = -z, -2*z - c + 9 = 0. Calculate the highest common factor of 1 and z.
1
Let f be 6/24 - (-6)/8. Let x be (-1 + 20 + f)/2. Calculate the greatest common factor of x and 30.
10
Let m = 4 + -3. Let x be (4 - m)*(-2)/(-6). Let b be 4/(-8)*(-1 - x). What is the highest common factor of b and 3?
1
Suppose 5 + 4 = -d. Let v be 236/9 + 2/d. Let s be 4148/32 - 3/(-8). What is the highest common divisor of s and v?
26
Let p be -1*(-7)/((-21)/(-240)). What is the greatest common factor of p and 32?
16
Let x = -14 - -35. Calculate the highest common factor of x and 3.
3
Suppose -11*g + 153 + 12 = 0. Calculate the greatest common factor of 60 and g.
15
Let i be (-714)/(-7) - (1 + -4). Calculate the greatest common factor of 15 and i.
15
Suppose 12 = n - 3*n + 4*a, -n - 3 = -5*a. Let u = 10 + n. Calculate the greatest common divisor of u and 1.
1
Let q(g) = 12*g**3 - g**2 + g. Let c be q(1). Let m(h) = h + 4. Let r be m(6). Let t be 35*((-48)/r)/(-2). What is the highest common factor of t and c?
12
Suppose 2*b = -5*m - 0*m + 45, 0 = -2*m + 4*b + 18. Let i = 13 - m. What is the highest common factor of 12 and i?
4
Suppose 4*m + 2*o = 3*o + 47, 36 = 2*m + 2*o. What is the greatest common divisor of m and 143?
13
Suppose 0 = -p + 3*x + 246, 0 = -2*p + 3*p - 4*x - 251. Let y be -7 - ((-168)/2)/3. Calculate the highest common factor of y and p.
21
Let q be (-292)/(-20) + 3/(-5). Let x be 12/(-21)*q/(-4). Let c be x/5 + (-186)/(-10). Calculate the greatest common factor of c and 57.
19
Let m = 32 - 21. Calculate the greatest common factor of m and 22.
11
Suppose 3*q = 5*w - 507, -2*w = -0*w - 3*q - 210. Calculate the greatest common divisor of 9 and w.
9
Let a be ((-1 + 1)/(-4))/(-2). Suppose -y + 3*y - 4 = a. Calculate the highest common divisor of 16 and y.
2
Let s(c) = c**2 - 5*c + 4. Let g be s(4). Suppose -2*j = -g*j. Suppose -54 - 80 = -2*a + p, a - p - 69 = j. Calculate the greatest common divisor of a and 13.
13
Let c be -7 + 8 + 49/1. Suppose -c = -2*s - 2. Calculate the highest common factor of s and 8.
8
Let n = 16 - 9. Calculate the highest common factor of 14 and n.
7
Let x = -2 - -3. Suppose 2*m = -5*p + 24, 2*p + 2 = m - x. Let w be 4/20 + 139/5. Calculate the highest common divisor of m and w.
7
Let k(h) = 17*h - 6. Let p be k(9). Calculate the highest common divisor of p and 49.
49
Let u(l) = -l + 1. Let o(f) = 35*f - 49. Let r(i) = o(i) + 42*u(i). Let t be r(-6). Let w = -19 + t. Calculate the greatest common factor of 176 and w.
16
Suppose 199 = 8*t - 137. Let z be (0 - 0) + 28/2. Calculate the highest common divisor of z and t.
14
Let f(o) = o**3 + 4*o**2 + 5*o + 4. Let x be f(-3). Let v be (-8)/(x + 3/2). Calculate the highest common divisor of 40 and v.
8
Suppose 0 = -7*z + 543 + 290. Calculate the highest common factor of 7 and z.
7
Suppose -4*c = -0*c. Suppose 0 = -c*d + 5*d - 60. What is the greatest common divisor of 8 and d?
4
Let d be (-796)/(-5) + ((-124)/20 - -6). What is the highest common factor of d and 53?
53
Let h be 0 + 0 + (-4)/(-2). Let m = 1 + -8. Let d be m/35 + 62/10. Calculate the highest common divisor of d and h.
2
Suppose q + n - 27 = 0, 83 = 3*q + n + 10. Calculate the greatest common factor of q and 92.
23
Let h(j) = j**2 + 4. Let o be h(3). What is the greatest common factor of o and 39?
13
Let x(a) = 4*a - 2. Let z be x(-9). Let t = 58 + z. What is the greatest common divisor of 8 and t?
4
Let y be 12/9*(-3)/(-2). Suppose i - 9 = -y*i. What is the highest common divisor of i and 6?
3
Let u(t) = -45*t - 13. Let g(o) = -11*o - 3. Let s(d) = 9*g(d) - 2*u(d). Let h be s(-9). What is the greatest common factor of h and 16?
16
Let u(h) = -7*h - 22. Let k be u(-4). What is the highest common factor of 114 and k?
6
Let w(z) = -26*z**3 + z**2 - 2*z. Let g be w(-2). What is the highest common divisor of 27 and g?
27
Let p be (6/(-4))/(1/6). Let u = p - -18. Suppose -c - 5*h + 68 = 0, 2*h = -3*c + 42 + 149. What is the greatest common factor of u and c?
9
Let g(a) = 11*a**2 - 2*a + 2. Let z be g(3). What is the greatest common factor of z and 38?
19
Suppose 0*d - 4*d + 116 = -5*i, -3*i = -2*d + 60. Suppose o - 28 = x - 3*x, -4*o - 4*x + 128 = 0. Calculate the highest common divisor of d and o.
12
Let w = 52 + -35. Calculate the highest common factor of 136 and w.
17
Suppose 0*z = -2*z + 2*i + 666, -4*i + 12 = 0. Calculate the highest common divisor of 42 and z.
42
Suppose 3*p = -3*a + 95 + 43, -4*a + 200 = -4*p. Let w = a + -33. What is the highest common divisor of w and 45?
15
Let c be (-5)/(98/20 + -5). What is the highest common divisor of 200 and c?
50
Let j = -10 - -18. Let d(n) = 5*n**2 + 13*n + 12. Let t be d(-4). What is the highest common divisor of t and j?
8
Let i be (-33)/(-7) + 2/7. Let w(m) = -m**3 + 6*m**2 - 2*m - 5. Let c be w(i). What is the highest common factor of 10 and c?
10
Let a = 23 - 19. What is the greatest common divisor of a and 1?
1
Suppose 2*i - i + 13 = 4*n, -n - 2*i + 1 = 0. Calculate the greatest common divisor of 6 and n.
3
Let y(m) = -m**3 + 21*m**2 - 19*m + 3. Let o be y(20). Calculate the greatest common divisor of 161 and o.
23
Let i be (-13)/(-3) - 2/(-3). Calculate the highest common factor of 15 and i.
5
Suppose 0 = -5*c - 15, -3*x - 4 = -2*c - 19. Suppose q = 5*g - 242, -5*g + 100 = -x*g - 2*q. What is the highest common divisor of 8 and g?
8
Let a(u) = -u**3 - 7*u**2 - u - 6. Let o be a(-7). What is the highest common divisor of 1 and o?
1
Suppose 20 = 3*k - 5*i, k - 6*k + i + 48 = 0. What is the highest common divisor of 2 and k?
2
Let j be -2 - 1*(-2 - 30). Suppose -i = i - 8. Suppose -t + 6 = 2*q - 2, 4*q + 56 = i*t. Calculate the highest common divisor of j and t.
6
Let g = 25 + -7. What is the highest common factor of g and 12?
6
Suppose -4 = -3*t + 5. Suppose b + 3*s - 158 = 0, 3*b - 7*b - t*s + 632 = 0. Let m = b - 78. What is the greatest common factor of 10 and m?
10
Let p be -1*(2 + 0) - -156. Let t(m) = 20*m - 18. Let h be t(2). Calculate the greatest common divisor of h and 